[INFO] cloning repository https://github.com/hsoft/webtop
[INFO] running `Command { std: "git" "-c" "credential.helper=" "-c" "credential.helper=/workspace/cargo-home/bin/git-credential-null" "clone" "--bare" "https://github.com/hsoft/webtop" "/workspace/cache/git-repos/https%3A%2F%2Fgithub.com%2Fhsoft%2Fwebtop", kill_on_drop: false }`
[INFO] [stderr] Cloning into bare repository '/workspace/cache/git-repos/https%3A%2F%2Fgithub.com%2Fhsoft%2Fwebtop'...
[INFO] running `Command { std: "git" "rev-parse" "HEAD", kill_on_drop: false }`
[INFO] [stdout] 41cfe715ac77e252768ee2454858297264158fb8
[INFO] checking hsoft/webtop against try#72f88fc4e9458f89516a0b8b0868f3718aec5b47 for pr-74989
[INFO] running `Command { std: "git" "clone" "/workspace/cache/git-repos/https%3A%2F%2Fgithub.com%2Fhsoft%2Fwebtop" "/workspace/builds/worker-2/source", kill_on_drop: false }`
[INFO] [stderr] Cloning into '/workspace/builds/worker-2/source'...
[INFO] [stderr] done.
[INFO] validating manifest of git repo https://github.com/hsoft/webtop on toolchain 72f88fc4e9458f89516a0b8b0868f3718aec5b47
[INFO] running `Command { std: "/workspace/cargo-home/bin/cargo" "+72f88fc4e9458f89516a0b8b0868f3718aec5b47" "read-manifest" "--manifest-path" "Cargo.toml", kill_on_drop: false }`
[INFO] started tweaking git repo https://github.com/hsoft/webtop
[INFO] finished tweaking git repo https://github.com/hsoft/webtop
[INFO] tweaked toml for git repo https://github.com/hsoft/webtop written to /workspace/builds/worker-2/source/Cargo.toml
[INFO] crate git repo https://github.com/hsoft/webtop already has a lockfile, it will not be regenerated
[INFO] running `Command { std: "/workspace/cargo-home/bin/cargo" "+72f88fc4e9458f89516a0b8b0868f3718aec5b47" "fetch" "--locked" "--manifest-path" "Cargo.toml", kill_on_drop: false }`
[INFO] [stderr] warning: path `/workspace/builds/worker-2/source/src/webtop.rs` was erroneously implicitly accepted for binary `webtop`,
[INFO] [stderr] please set bin.path in Cargo.toml
[INFO] [stderr] error: the lock file /workspace/builds/worker-2/source/Cargo.lock needs to be updated but --locked was passed to prevent this
[INFO] [stderr] If you want to try to generate the lock file without accessing the network, use the --offline flag.
[INFO] the lockfile is outdated, regenerating it
[INFO] running `Command { std: "/workspace/cargo-home/bin/cargo" "+72f88fc4e9458f89516a0b8b0868f3718aec5b47" "generate-lockfile" "--manifest-path" "Cargo.toml" "-Zno-index-update", kill_on_drop: false }`
[INFO] running `Command { std: "/workspace/cargo-home/bin/cargo" "+72f88fc4e9458f89516a0b8b0868f3718aec5b47" "fetch" "--locked" "--manifest-path" "Cargo.toml", kill_on_drop: false }`
[INFO] [stderr] warning: path `/workspace/builds/worker-2/source/src/webtop.rs` was erroneously implicitly accepted for binary `webtop`,
[INFO] [stderr] please set bin.path in Cargo.toml
[INFO] running `Command { std: "docker" "create" "-v" "/var/lib/crater-agent-workspace/builds/worker-2/target:/opt/rustwide/target:rw,Z" "-v" "/var/lib/crater-agent-workspace/builds/worker-2/source:/opt/rustwide/workdir:ro,Z" "-v" "/var/lib/crater-agent-workspace/cargo-home:/opt/rustwide/cargo-home:ro,Z" "-v" "/var/lib/crater-agent-workspace/rustup-home:/opt/rustwide/rustup-home:ro,Z" "-e" "SOURCE_DIR=/opt/rustwide/workdir" "-e" "CARGO_TARGET_DIR=/opt/rustwide/target" "-e" "CARGO_HOME=/opt/rustwide/cargo-home" "-e" "RUSTUP_HOME=/opt/rustwide/rustup-home" "-w" "/opt/rustwide/workdir" "-m" "1610612736" "--user" "0:0" "--network" "none" "rustops/crates-build-env@sha256:d92eaeed33fa75130ca1ee6c8a01d1ffb62bac859dfdfb3450e3e5d1c0146529" "/opt/rustwide/cargo-home/bin/cargo" "+72f88fc4e9458f89516a0b8b0868f3718aec5b47" "metadata" "--no-deps" "--format-version=1", kill_on_drop: false }`
[INFO] [stdout] ea5cd00e0d6547b3725991fe8b936eec28c6b184bf4f907fa57af0e2da52b2b6
[INFO] [stderr] WARNING: Your kernel does not support swap limit capabilities or the cgroup is not mounted. Memory limited without swap.
[INFO] running `Command { std: "docker" "start" "-a" "ea5cd00e0d6547b3725991fe8b936eec28c6b184bf4f907fa57af0e2da52b2b6", kill_on_drop: false }`
[INFO] running `Command { std: "docker" "inspect" "ea5cd00e0d6547b3725991fe8b936eec28c6b184bf4f907fa57af0e2da52b2b6", kill_on_drop: false }`
[INFO] running `Command { std: "docker" "rm" "-f" "ea5cd00e0d6547b3725991fe8b936eec28c6b184bf4f907fa57af0e2da52b2b6", kill_on_drop: false }`
[INFO] [stdout] ea5cd00e0d6547b3725991fe8b936eec28c6b184bf4f907fa57af0e2da52b2b6
[INFO] running `Command { std: "docker" "create" "-v" "/var/lib/crater-agent-workspace/builds/worker-2/target:/opt/rustwide/target:rw,Z" "-v" "/var/lib/crater-agent-workspace/builds/worker-2/source:/opt/rustwide/workdir:ro,Z" "-v" "/var/lib/crater-agent-workspace/cargo-home:/opt/rustwide/cargo-home:ro,Z" "-v" "/var/lib/crater-agent-workspace/rustup-home:/opt/rustwide/rustup-home:ro,Z" "-e" "SOURCE_DIR=/opt/rustwide/workdir" "-e" "CARGO_TARGET_DIR=/opt/rustwide/target" "-e" "CARGO_INCREMENTAL=0" "-e" "RUST_BACKTRACE=full" "-e" "RUSTFLAGS=--cap-lints=forbid" "-e" "CARGO_HOME=/opt/rustwide/cargo-home" "-e" "RUSTUP_HOME=/opt/rustwide/rustup-home" "-w" "/opt/rustwide/workdir" "-m" "1610612736" "--user" "0:0" "--network" "none" "rustops/crates-build-env@sha256:d92eaeed33fa75130ca1ee6c8a01d1ffb62bac859dfdfb3450e3e5d1c0146529" "/opt/rustwide/cargo-home/bin/cargo" "+72f88fc4e9458f89516a0b8b0868f3718aec5b47" "check" "--frozen" "--all" "--all-targets" "--message-format=json", kill_on_drop: false }`
[INFO] [stdout] f65934df88a61355eb97e2becf8d85f26b8be28760ceecaef3b4849384ef4efd
[INFO] [stderr] WARNING: Your kernel does not support swap limit capabilities or the cgroup is not mounted. Memory limited without swap.
[INFO] running `Command { std: "docker" "start" "-a" "f65934df88a61355eb97e2becf8d85f26b8be28760ceecaef3b4849384ef4efd", kill_on_drop: false }`
[INFO] [stderr] warning: path `/opt/rustwide/workdir/src/webtop.rs` was erroneously implicitly accepted for binary `webtop`,
[INFO] [stderr] please set bin.path in Cargo.toml
[INFO] [stderr]    Compiling libc v0.2.77
[INFO] [stderr]    Compiling winapi-build v0.1.1
[INFO] [stderr]    Compiling autocfg v1.0.1
[INFO] [stderr]     Checking winapi v0.2.8
[INFO] [stderr]    Compiling cc v1.0.59
[INFO] [stderr]    Compiling pkg-config v0.3.18
[INFO] [stderr]     Checking regex-syntax v0.3.9
[INFO] [stderr]     Checking utf8-ranges v0.1.3
[INFO] [stderr]     Checking libc v0.1.12
[INFO] [stderr]    Compiling kernel32-sys v0.2.2
[INFO] [stderr]    Compiling num-traits v0.2.12
[INFO] [stderr]     Checking memchr v0.1.11
[INFO] [stderr]     Checking thread-id v2.0.0
[INFO] [stderr]     Checking time v0.1.44
[INFO] [stderr]    Compiling ncurses v5.99.0
[INFO] [stderr]     Checking thread_local v0.2.7
[INFO] [stderr]     Checking aho-corasick v0.5.3
[INFO] [stderr]     Checking regex v0.1.80
[INFO] [stderr]     Checking number_prefix v0.2.8
[INFO] [stderr]     Checking webtop v0.0.1 (/opt/rustwide/workdir)
[INFO] [stdout] warning: use of deprecated function `std::thread::sleep_ms`: replaced by `std::thread::sleep`
[INFO] [stdout]    --> src/webtop.rs:204:13
[INFO] [stdout]     |
[INFO] [stdout] 204 |             thread::sleep_ms(50);
[INFO] [stdout]     |             ^^^^^^^^^^^^^^^^
[INFO] [stdout]     |
[INFO] [stdout]     = note: `#[warn(deprecated)]` on by default
[INFO] [stdout] 
[INFO] [stdout] 
[INFO] [stdout] warning: use of deprecated function `std::thread::sleep_ms`: replaced by `std::thread::sleep`
[INFO] [stdout]    --> src/webtop.rs:204:13
[INFO] [stdout]     |
[INFO] [stdout] 204 |             thread::sleep_ms(50);
[INFO] [stdout]     |             ^^^^^^^^^^^^^^^^
[INFO] [stdout]     |
[INFO] [stdout]     = note: `#[warn(deprecated)]` on by default
[INFO] [stdout] 
[INFO] [stdout] 
[INFO] [stdout] error[E0308]: mismatched types
[INFO] [stdout]    --> src/webtop.rs:278:12
[INFO] [stdout]     |
[INFO] [stdout] 278 |     keypad(stdscr, true);
[INFO] [stdout]     |            ^^^^^^ expected *-ptr, found fn item
[INFO] [stdout]     |
[INFO] [stdout]     = note: expected raw pointer `*mut i8`
[INFO] [stdout]                    found fn item `fn() -> *mut i8 {stdscr}`
[INFO] [stdout] help: use parentheses to call this function
[INFO] [stdout]     |
[INFO] [stdout] 278 |     keypad(stdscr(), true);
[INFO] [stdout]     |                  ^^
[INFO] [stdout] 
[INFO] [stdout] 
[INFO] [stdout] error[E0308]: mismatched types
[INFO] [stdout]    --> src/webtop.rs:279:13
[INFO] [stdout]     |
[INFO] [stdout] 279 |     nodelay(stdscr, true);
[INFO] [stdout]     |             ^^^^^^ expected *-ptr, found fn item
[INFO] [stdout]     |
[INFO] [stdout]     = note: expected raw pointer `*mut i8`
[INFO] [stdout]                    found fn item `fn() -> *mut i8 {stdscr}`
[INFO] [stdout] help: use parentheses to call this function
[INFO] [stdout]     |
[INFO] [stdout] 279 |     nodelay(stdscr(), true);
[INFO] [stdout]     |                   ^^
[INFO] [stdout] 
[INFO] [stdout] 
[INFO] [stdout] error[E0308]: mismatched types
[INFO] [stdout]   --> src/screen.rs:21:28
[INFO] [stdout]    |
[INFO] [stdout] 21 |         let scry = getmaxy(stdscr);
[INFO] [stdout]    |                            ^^^^^^ expected *-ptr, found fn item
[INFO] [stdout]    |
[INFO] [stdout]    = note: expected raw pointer `*mut i8`
[INFO] [stdout]                   found fn item `fn() -> *mut i8 {stdscr}`
[INFO] [stdout] help: use parentheses to call this function
[INFO] [stdout]    |
[INFO] [stdout] 21 |         let scry = getmaxy(stdscr());
[INFO] [stdout]    |                                  ^^
[INFO] [stdout] 
[INFO] [stdout] 
[INFO] [stdout] error[E0308]: mismatched types
[INFO] [stdout]   --> src/screen.rs:22:28
[INFO] [stdout]    |
[INFO] [stdout] 22 |         let scrx = getmaxx(stdscr);
[INFO] [stdout]    |                            ^^^^^^ expected *-ptr, found fn item
[INFO] [stdout]    |
[INFO] [stdout]    = note: expected raw pointer `*mut i8`
[INFO] [stdout]                   found fn item `fn() -> *mut i8 {stdscr}`
[INFO] [stdout] help: use parentheses to call this function
[INFO] [stdout]    |
[INFO] [stdout] 22 |         let scrx = getmaxx(stdscr());
[INFO] [stdout]    |                                  ^^
[INFO] [stdout] 
[INFO] [stdout] 
[INFO] [stdout] error[E0308]: mismatched types
[INFO] [stdout]    --> src/webtop.rs:278:12
[INFO] [stdout]     |
[INFO] [stdout] 278 |     keypad(stdscr, true);
[INFO] [stdout]     |            ^^^^^^ expected *-ptr, found fn item
[INFO] [stdout]     |
[INFO] [stdout]     = note: expected raw pointer `*mut i8`
[INFO] [stdout]                    found fn item `fn() -> *mut i8 {stdscr}`
[INFO] [stdout] help: use parentheses to call this function
[INFO] [stdout]     |
[INFO] [stdout] 278 |     keypad(stdscr(), true);
[INFO] [stdout]     |                  ^^
[INFO] [stdout] 
[INFO] [stdout] 
[INFO] [stdout] error[E0308]: mismatched types
[INFO] [stdout]    --> src/webtop.rs:279:13
[INFO] [stdout]     |
[INFO] [stdout] 279 |     nodelay(stdscr, true);
[INFO] [stdout]     |             ^^^^^^ expected *-ptr, found fn item
[INFO] [stdout]     |
[INFO] [stdout]     = note: expected raw pointer `*mut i8`
[INFO] [stdout]                    found fn item `fn() -> *mut i8 {stdscr}`
[INFO] [stdout] help: use parentheses to call this function
[INFO] [stdout]     |
[INFO] [stdout] 279 |     nodelay(stdscr(), true);
[INFO] [stdout]     |                   ^^
[INFO] [stdout] 
[INFO] [stdout] 
[INFO] [stdout] error: aborting due to 4 previous errors; 1 warning emitted
[INFO] [stdout] 
[INFO] [stdout] 
[INFO] [stdout] For more information about this error, try `rustc --explain E0308`.
[INFO] [stdout] 
[INFO] [stderr] error: could not compile `webtop`.
[INFO] [stderr] 
[INFO] [stderr] To learn more, run the command again with --verbose.
[INFO] [stderr] warning: build failed, waiting for other jobs to finish...
[INFO] [stdout] error[E0308]: mismatched types
[INFO] [stdout]   --> src/screen.rs:21:28
[INFO] [stdout]    |
[INFO] [stdout] 21 |         let scry = getmaxy(stdscr);
[INFO] [stdout]    |                            ^^^^^^ expected *-ptr, found fn item
[INFO] [stdout]    |
[INFO] [stdout]    = note: expected raw pointer `*mut i8`
[INFO] [stdout]                   found fn item `fn() -> *mut i8 {stdscr}`
[INFO] [stdout] help: use parentheses to call this function
[INFO] [stdout]    |
[INFO] [stdout] 21 |         let scry = getmaxy(stdscr());
[INFO] [stdout]    |                                  ^^
[INFO] [stdout] 
[INFO] [stdout] 
[INFO] [stdout] error[E0308]: mismatched types
[INFO] [stdout]   --> src/screen.rs:22:28
[INFO] [stdout]    |
[INFO] [stdout] 22 |         let scrx = getmaxx(stdscr);
[INFO] [stdout]    |                            ^^^^^^ expected *-ptr, found fn item
[INFO] [stdout]    |
[INFO] [stdout]    = note: expected raw pointer `*mut i8`
[INFO] [stdout]                   found fn item `fn() -> *mut i8 {stdscr}`
[INFO] [stdout] help: use parentheses to call this function
[INFO] [stdout]    |
[INFO] [stdout] 22 |         let scrx = getmaxx(stdscr());
[INFO] [stdout]    |                                  ^^
[INFO] [stdout] 
[INFO] [stdout] 
[INFO] [stdout] error: aborting due to 4 previous errors; 1 warning emitted
[INFO] [stdout] 
[INFO] [stdout] 
[INFO] [stdout] For more information about this error, try `rustc --explain E0308`.
[INFO] [stdout] 
[INFO] [stderr] error: build failed
[INFO] running `Command { std: "docker" "inspect" "f65934df88a61355eb97e2becf8d85f26b8be28760ceecaef3b4849384ef4efd", kill_on_drop: false }`
[INFO] running `Command { std: "docker" "rm" "-f" "f65934df88a61355eb97e2becf8d85f26b8be28760ceecaef3b4849384ef4efd", kill_on_drop: false }`
[INFO] [stdout] f65934df88a61355eb97e2becf8d85f26b8be28760ceecaef3b4849384ef4efd
